{"id":246,"date":"2025-09-24T19:45:45","date_gmt":"2025-09-24T17:45:45","guid":{"rendered":"http:\/\/flutte.fr\/?page_id=246"},"modified":"2025-12-08T13:33:28","modified_gmt":"2025-12-08T12:33:28","slug":"index","status":"publish","type":"page","link":"https:\/\/flutte.fr\/","title":{"rendered":"Accueil"},"content":{"rendered":"\t\t<div data-elementor-type=\"wp-page\" data-elementor-id=\"246\" class=\"elementor elementor-246\">\n\t\t\t\t<div class=\"elementor-element elementor-element-210b6e7 e-con-full e-flex e-con e-parent\" data-id=\"210b6e7\" data-element_type=\"container\">\n\t\t\t\t<div class=\"elementor-element elementor-element-dcfeaca elementor-widget-mobile__width-inherit e-transform e-transform elementor-invisible elementor-widget elementor-widget-image\" data-id=\"dcfeaca\" data-element_type=\"widget\" data-settings=\"{&quot;_transform_scale_effect_mobile&quot;:{&quot;unit&quot;:&quot;px&quot;,&quot;size&quot;:1.2,&quot;sizes&quot;:[]},&quot;_transform_translateY_effect&quot;:{&quot;unit&quot;:&quot;px&quot;,&quot;size&quot;:74,&quot;sizes&quot;:[]},&quot;_transform_translateY_effect_mobile&quot;:{&quot;unit&quot;:&quot;px&quot;,&quot;size&quot;:15,&quot;sizes&quot;:[]},&quot;_transform_scale_effect&quot;:{&quot;unit&quot;:&quot;px&quot;,&quot;size&quot;:1.2,&quot;sizes&quot;:[]},&quot;_animation&quot;:&quot;fadeIn&quot;,&quot;_transform_translateX_effect&quot;:{&quot;unit&quot;:&quot;px&quot;,&quot;size&quot;:&quot;&quot;,&quot;sizes&quot;:[]},&quot;_transform_translateX_effect_tablet&quot;:{&quot;unit&quot;:&quot;px&quot;,&quot;size&quot;:&quot;&quot;,&quot;sizes&quot;:[]},&quot;_transform_translateX_effect_mobile&quot;:{&quot;unit&quot;:&quot;px&quot;,&quot;size&quot;:&quot;&quot;,&quot;sizes&quot;:[]},&quot;_transform_translateY_effect_tablet&quot;:{&quot;unit&quot;:&quot;px&quot;,&quot;size&quot;:&quot;&quot;,&quot;sizes&quot;:[]},&quot;_transform_scale_effect_tablet&quot;:{&quot;unit&quot;:&quot;px&quot;,&quot;size&quot;:&quot;&quot;,&quot;sizes&quot;:[]}}\" data-widget_type=\"image.default\">\n\t\t\t\t\t\t\t\t\t\t\t\t\t\t\t\t<a href=\"https:\/\/flutte.fr\/wp-content\/uploads\/2025\/12\/FLUTTE_Micro-5.jpg\" data-elementor-open-lightbox=\"yes\" data-elementor-lightbox-title=\"Screenshot\" data-e-action-hash=\"#elementor-action%3Aaction%3Dlightbox%26settings%3DeyJpZCI6OTkzLCJ1cmwiOiJodHRwczpcL1wvZmx1dHRlLmZyXC93cC1jb250ZW50XC91cGxvYWRzXC8yMDI1XC8xMlwvRkxVVFRFX01pY3JvLTUuanBnIn0%3D\">\n\t\t\t\t\t\t\t<img fetchpriority=\"high\" decoding=\"async\" width=\"768\" height=\"768\" src=\"https:\/\/flutte.fr\/wp-content\/uploads\/2025\/12\/FLUTTE_Micro-5-768x768.jpg\" class=\"attachment-medium_large size-medium_large wp-image-993\" alt=\"\" srcset=\"https:\/\/flutte.fr\/wp-content\/uploads\/2025\/12\/FLUTTE_Micro-5-768x768.jpg 768w, https:\/\/flutte.fr\/wp-content\/uploads\/2025\/12\/FLUTTE_Micro-5-300x300.jpg 300w, https:\/\/flutte.fr\/wp-content\/uploads\/2025\/12\/FLUTTE_Micro-5-1024x1024.jpg 1024w, https:\/\/flutte.fr\/wp-content\/uploads\/2025\/12\/FLUTTE_Micro-5-150x150.jpg 150w, https:\/\/flutte.fr\/wp-content\/uploads\/2025\/12\/FLUTTE_Micro-5.jpg 1500w\" sizes=\"(max-width: 768px) 100vw, 768px\" \/>\t\t\t\t\t\t\t\t<\/a>\n\t\t\t\t\t\t\t\t\t\t\t\t\t\t\t<\/div>\n\t\t\t\t<div class=\"elementor-element elementor-element-5c435ec elementor-widget elementor-widget-spacer\" data-id=\"5c435ec\" data-element_type=\"widget\" data-widget_type=\"spacer.default\">\n\t\t\t\t\t\t\t<div class=\"elementor-spacer\">\n\t\t\t<div class=\"elementor-spacer-inner\"><\/div>\n\t\t<\/div>\n\t\t\t\t\t\t<\/div>\n\t\t\t\t<div class=\"elementor-element elementor-element-6401bec elementor-widget__width-initial e-transform elementor-widget elementor-widget-text-editor\" data-id=\"6401bec\" data-element_type=\"widget\" data-settings=\"{&quot;_transform_translateY_effect&quot;:{&quot;unit&quot;:&quot;px&quot;,&quot;size&quot;:189,&quot;sizes&quot;:[]},&quot;_transform_translateY_effect_mobile&quot;:{&quot;unit&quot;:&quot;px&quot;,&quot;size&quot;:0,&quot;sizes&quot;:[]},&quot;_transform_translateX_effect&quot;:{&quot;unit&quot;:&quot;px&quot;,&quot;size&quot;:&quot;&quot;,&quot;sizes&quot;:[]},&quot;_transform_translateX_effect_tablet&quot;:{&quot;unit&quot;:&quot;px&quot;,&quot;size&quot;:&quot;&quot;,&quot;sizes&quot;:[]},&quot;_transform_translateX_effect_mobile&quot;:{&quot;unit&quot;:&quot;px&quot;,&quot;size&quot;:&quot;&quot;,&quot;sizes&quot;:[]},&quot;_transform_translateY_effect_tablet&quot;:{&quot;unit&quot;:&quot;px&quot;,&quot;size&quot;:&quot;&quot;,&quot;sizes&quot;:[]}}\" data-widget_type=\"text-editor.default\">\n\t\t\t\t\t\t\t\t\t<p>Un zef d&rsquo;\u00e9nergie burlesque pour donner du souffle \u00e0 la lutte, avec un F.<\/p>\t\t\t\t\t\t\t\t<\/div>\n\t\t\t\t<\/div>\n\t\t<div class=\"elementor-element elementor-element-6d7be02 e-con-full e-flex e-con e-parent\" data-id=\"6d7be02\" data-element_type=\"container\">\n\t\t\t\t<div class=\"elementor-element elementor-element-d2e0783 e-transform e-transform e-transform elementor-widget elementor-widget-wpkoi-scrolling-text\" data-id=\"d2e0783\" data-element_type=\"widget\" data-settings=\"{&quot;_transform_rotateZ_effect&quot;:{&quot;unit&quot;:&quot;px&quot;,&quot;size&quot;:356,&quot;sizes&quot;:[]},&quot;_transform_rotateZ_effect_mobile&quot;:{&quot;unit&quot;:&quot;deg&quot;,&quot;size&quot;:356,&quot;sizes&quot;:[]},&quot;_transform_scale_effect_mobile&quot;:{&quot;unit&quot;:&quot;px&quot;,&quot;size&quot;:1.1,&quot;sizes&quot;:[]},&quot;_transform_translateY_effect_mobile&quot;:{&quot;unit&quot;:&quot;px&quot;,&quot;size&quot;:0,&quot;sizes&quot;:[]},&quot;_transform_rotateZ_effect_tablet&quot;:{&quot;unit&quot;:&quot;deg&quot;,&quot;size&quot;:&quot;&quot;,&quot;sizes&quot;:[]},&quot;_transform_translateX_effect&quot;:{&quot;unit&quot;:&quot;px&quot;,&quot;size&quot;:&quot;&quot;,&quot;sizes&quot;:[]},&quot;_transform_translateX_effect_tablet&quot;:{&quot;unit&quot;:&quot;px&quot;,&quot;size&quot;:&quot;&quot;,&quot;sizes&quot;:[]},&quot;_transform_translateX_effect_mobile&quot;:{&quot;unit&quot;:&quot;px&quot;,&quot;size&quot;:&quot;&quot;,&quot;sizes&quot;:[]},&quot;_transform_translateY_effect&quot;:{&quot;unit&quot;:&quot;px&quot;,&quot;size&quot;:&quot;&quot;,&quot;sizes&quot;:[]},&quot;_transform_translateY_effect_tablet&quot;:{&quot;unit&quot;:&quot;px&quot;,&quot;size&quot;:&quot;&quot;,&quot;sizes&quot;:[]},&quot;_transform_scale_effect&quot;:{&quot;unit&quot;:&quot;px&quot;,&quot;size&quot;:&quot;&quot;,&quot;sizes&quot;:[]},&quot;_transform_scale_effect_tablet&quot;:{&quot;unit&quot;:&quot;px&quot;,&quot;size&quot;:&quot;&quot;,&quot;sizes&quot;:[]}}\" data-widget_type=\"wpkoi-scrolling-text.default\">\n\t\t\t\t<div class=\"elementor-widget-container\">\n\t\t\t\t\t<div id =\"d2e0783\" class=\"wpkoi-marquee\" data-speed=\"70\" data-gap=\"50\" data-direction=\"left\" data-duplicated=\"true\" data-startvisible=\"true\"><h2 class=\"wpkoi-scrolling-content\">\u2502    \u201cCeux qui craignent le durcissement de la FLUTTE contre la fraude ont des choses \u00e0 se reprocher.\u201d   -   G\u00e9rald Darmanin.   \u2502  \u201cSi toute l'Irlande avait \u00e9t\u00e9 unie, quatre-vingts ans de FLUTTE auraient \u00e9t\u00e9 \u00e9vit\u00e9s.\u201d    -   Ken Loach.  \u2502   \u201cLe f\u00e9minisme a toujours avanc\u00e9 sur deux fronts : celui de la th\u00e9orie et celui de la FLUTTE.\u201d   -   Camille Froidevaux-Metterie.  \u2502   \u201cGlobalisons les FLUTTES pour globaliser l\u2019espoir !\u201d   -   Jos\u00e9 Bov\u00e9.   \u2502   \u201cL'histoire de toute soci\u00e9t\u00e9 jusqu'\u00e0 nos jours n'a \u00e9t\u00e9 que l'histoire de FLUTTES de classes.\u201d   -   Karl Marx.  \u2502<\/h2><\/div>\t\t\t\t<\/div>\n\t\t\t\t<\/div>\n\t\t\t\t<\/div>\n\t\t<div class=\"elementor-element elementor-element-05b38a1 e-transform e-flex e-con-boxed e-con e-parent\" data-id=\"05b38a1\" data-element_type=\"container\" data-settings=\"{&quot;_transform_translateY_effect_mobile&quot;:{&quot;unit&quot;:&quot;px&quot;,&quot;size&quot;:0,&quot;sizes&quot;:[]},&quot;background_background&quot;:&quot;classic&quot;,&quot;_transform_translateX_effect&quot;:{&quot;unit&quot;:&quot;px&quot;,&quot;size&quot;:&quot;&quot;,&quot;sizes&quot;:[]},&quot;_transform_translateX_effect_tablet&quot;:{&quot;unit&quot;:&quot;px&quot;,&quot;size&quot;:&quot;&quot;,&quot;sizes&quot;:[]},&quot;_transform_translateX_effect_mobile&quot;:{&quot;unit&quot;:&quot;px&quot;,&quot;size&quot;:&quot;&quot;,&quot;sizes&quot;:[]},&quot;_transform_translateY_effect&quot;:{&quot;unit&quot;:&quot;px&quot;,&quot;size&quot;:&quot;&quot;,&quot;sizes&quot;:[]},&quot;_transform_translateY_effect_tablet&quot;:{&quot;unit&quot;:&quot;px&quot;,&quot;size&quot;:&quot;&quot;,&quot;sizes&quot;:[]}}\">\n\t\t\t\t\t<div class=\"e-con-inner\">\n\t\t\t\t<div class=\"elementor-element elementor-element-f940aa0 e-transform elementor-widget-mobile__width-auto e-transform elementor-widget elementor-widget-text-editor\" data-id=\"f940aa0\" data-element_type=\"widget\" data-settings=\"{&quot;_transform_translateY_effect_mobile&quot;:{&quot;unit&quot;:&quot;px&quot;,&quot;size&quot;:0,&quot;sizes&quot;:[]},&quot;_transform_scale_effect&quot;:{&quot;unit&quot;:&quot;px&quot;,&quot;size&quot;:1,&quot;sizes&quot;:[]},&quot;_transform_translateY_effect&quot;:{&quot;unit&quot;:&quot;px&quot;,&quot;size&quot;:231,&quot;sizes&quot;:[]},&quot;_transform_translateX_effect&quot;:{&quot;unit&quot;:&quot;px&quot;,&quot;size&quot;:&quot;&quot;,&quot;sizes&quot;:[]},&quot;_transform_translateX_effect_tablet&quot;:{&quot;unit&quot;:&quot;px&quot;,&quot;size&quot;:&quot;&quot;,&quot;sizes&quot;:[]},&quot;_transform_translateX_effect_mobile&quot;:{&quot;unit&quot;:&quot;px&quot;,&quot;size&quot;:&quot;&quot;,&quot;sizes&quot;:[]},&quot;_transform_translateY_effect_tablet&quot;:{&quot;unit&quot;:&quot;px&quot;,&quot;size&quot;:&quot;&quot;,&quot;sizes&quot;:[]},&quot;_transform_scale_effect_tablet&quot;:{&quot;unit&quot;:&quot;px&quot;,&quot;size&quot;:&quot;&quot;,&quot;sizes&quot;:[]},&quot;_transform_scale_effect_mobile&quot;:{&quot;unit&quot;:&quot;px&quot;,&quot;size&quot;:&quot;&quot;,&quot;sizes&quot;:[]}}\" data-widget_type=\"text-editor.default\">\n\t\t\t\t\t\t\t\t\t<p>Dans l\u2019imaginaire de FluTTe, il pleut des phoques et des boules \u00e0 facettes sur les milliardaires. Une chanteuse cyclothymique et un ours bipolaire multi-instrumentiste tricotent une chanson fran\u00e7aise n\u00e9vros\u00e9e, \u00e0 l\u2019humour acide et auto-d\u00e9risoire, travers\u00e9e d\u2019envol\u00e9es lyriques, d&rsquo;interm\u00e8des amphigouriques et d&rsquo;\u00e9lans \u00e9lectro-pop. Le duo remue la m\u00e9lasse contemporaine sur des rythmes du Wokistan, en insultant parfois les enfants mais jamais les mamans.<\/p>\t\t\t\t\t\t\t\t<\/div>\n\t\t\t\t\t<\/div>\n\t\t\t\t<\/div>\n\t\t\t\t<\/div>\n\t\t","protected":false},"excerpt":{"rendered":"<p>Un zef d&rsquo;\u00e9nergie burlesque pour donner du souffle \u00e0 la lutte, avec un F. \u2502 \u201cCeux qui craignent le durcissement de la FLUTTE contre la fraude ont des choses \u00e0 se reprocher.\u201d &#8211; G\u00e9rald Darmanin. \u2502 \u201cSi toute l&rsquo;Irlande avait \u00e9t\u00e9 unie, quatre-vingts ans de FLUTTE auraient \u00e9t\u00e9 \u00e9vit\u00e9s.\u201d &#8211; Ken Loach. \u2502 \u201cLe f\u00e9minisme [&hellip;]<\/p>\n","protected":false},"author":1,"featured_media":0,"parent":0,"menu_order":0,"comment_status":"closed","ping_status":"closed","template":"elementor_theme","meta":{"footnotes":""},"class_list":["post-246","page","type-page","status-publish"],"_links":{"self":[{"href":"https:\/\/flutte.fr\/index.php\/wp-json\/wp\/v2\/pages\/246","targetHints":{"allow":["GET"]}}],"collection":[{"href":"https:\/\/flutte.fr\/index.php\/wp-json\/wp\/v2\/pages"}],"about":[{"href":"https:\/\/flutte.fr\/index.php\/wp-json\/wp\/v2\/types\/page"}],"author":[{"embeddable":true,"href":"https:\/\/flutte.fr\/index.php\/wp-json\/wp\/v2\/users\/1"}],"replies":[{"embeddable":true,"href":"https:\/\/flutte.fr\/index.php\/wp-json\/wp\/v2\/comments?post=246"}],"version-history":[{"count":285,"href":"https:\/\/flutte.fr\/index.php\/wp-json\/wp\/v2\/pages\/246\/revisions"}],"predecessor-version":[{"id":1065,"href":"https:\/\/flutte.fr\/index.php\/wp-json\/wp\/v2\/pages\/246\/revisions\/1065"}],"wp:attachment":[{"href":"https:\/\/flutte.fr\/index.php\/wp-json\/wp\/v2\/media?parent=246"}],"curies":[{"name":"wp","href":"https:\/\/api.w.org\/{rel}","templated":true}]}}